5*n**2 + 1. Let m be q(4). Let b = j + m. Is b a prime number?
True
Is (5/2)/(1435/4493846) a prime number?
True
Let p be (-4)/2*(4 + (-33)/6). Let s(r) = -2*r - 35*r**3 + 14*r**p + 9 - 3 + 5*r**2 + 13*r**3. Is s(-5) a composite number?
True
Let b be (4/6)/(-1 + (-20)/(-12)). Suppose f = 4*l - 9087, -2*f - 5 - b = 0. Is l a prime number?
False
Is (7243/4)/(((-9)/(-6))/(4 + 2)) composite?
False
Let i be (13/((-13)/2))/(6/(-117)). Suppose -115 = i*s - 40*s. Is s a composite number?
True
Let z = -163 + 261. Let d(a) = z*a + 7 + 140*a - 36*a. Is d(3) a prime number?
True
Let h(s) = 4*s - 3. Let b be h(2). Suppose d + 0*d + 17 = b*g, 4*g - 4 = 0. Is (-1)/(-4) - (3513/d)/1 a prime number?
True
Let s be (6/8)/(4*1/16). Suppose l = -s*w - 0 - 11, 0 = -w + 4*l - 8. Is ((-1774)/w)/((-2)/(-4)) prime?
True
Let j(h) = -h**3 + 12*h**2 + 26*h + 35. Let r be j(14). Suppose -6573 + 1036 = -r*a. Is a prime?
False
Let f(a) = -76*a + 4. Let x be f(-3). Suppose -69*h + 74*h = -825. Let z = x - h. Is z a composite number?
False
Let g(n) = 29 + n + 329 + 0*n + 640 + n**2. Is g(0) a prime number?
False
Let r = 191 + -199. Let c(a) = -2*a**2 - 22*a + 39. Is c(r) a prime number?
False
Let g = 993864 + -19853. Is g a composite number?
True
Let o = 203917 + 42244. Is o prime?
False
Suppose -190269 - 444679 = -4*x. Is x composite?
True
Suppose 0 = 60*g - 1025486 - 451534. Is g a composite number?
True
Suppose a + 0 = 7. Suppose a*j = 3705 + 62578. Is j composite?
True
Let j be (-232086)/8 - (-18)/24*1. Let q = j + 50387. Is q a composite number?
False
Let r = 1192 + -1186. Let w(u) = 13*u + 6 + 5 + 8*u**2 + 3*u**2. Is w(r) composite?
True
Let z = 563537 - 88668. Is z prime?
False
Suppose 0 = -3*u + 89 - 83. Suppose -2*h = -0*h - 14. Suppose -1271 = -u*a + d, 3*d - h*d = -4*a + 2544. Is a composite?
True
Suppose -4*m = -d + 4 + 1, 2*d + 5*m = -16. Is (d - 724)/((-3)/51) prime?
False
Let c(j) be the third derivative of -j**5/20 - j**4/12 + 7*j**3/2 + 12*j**2. Let i be c(-10). Let w = i - -830. Is w a composite number?
False
Let g(h) = -2060*h - 26. Let k be g(-7). Is (k/18 - -6)/((-2)/(-6)) a composite number?
False
Is 148/1628 + 5773524/22 a composite number?
False
Suppose 4*i = 124132 + 235388. Is 2/6 - i/(-36) prime?
False
Suppose 0 = -2*x - 3*g + 76203, 0*g - 20 = 4*g. Suppose -5*z = -3*n - 2*z + 22860, 5*n = -4*z + x. Is n a composite number?
False
Suppose 96*g - 69*g = 71847. Is g prime?
False
Suppose 16*y - 53 = 27. Let v(u) = 71*u**3 + 11*u**2 - 7*u + 18. Is v(y) a prime number?
True
Let i(k) = k**2 - 10*k + 9. Let v be i(9). Suppose 0 = -5*z - 2*r + 1187, 2*z + r + v*r = 475. Let u = z - 74. Is u composite?
False
Let y be 2/4*(12 + -12). Suppose -131*q = -135*q. Suppose q*l + l - 973 = y. Is l a prime number?
False
Let w(n) = 1262*n + 2271. Is w(28) a prime number?
True
Suppose 11*g - 16*g - 12345 = -4*a, 4*g + 4*a = -9840. Let v = 4482 + g. Is v a prime number?
True
Let n(v) = -v + 27. Let s be n(20). Suppose 0 = -30*t + s*t + 8671. Is t a prime number?
False
Suppose 28503389 - 4406889 = -0*r + 100*r. Is r a prime number?
False
Let y(w) = -w**3 - 3*w + 641. Let q(a) = 3*a + 12. Let k(b) = b**2 + 11*b - 30. Let r be k(-13). Let i be q(r). Is y(i) a prime number?
True
Suppose 5*o + 10*n = 13*n + 76800, 5*n + 15338 = o. Suppose -12*b = -3*b - o. Is b prime?
False
Suppose 5*o + 26 = 31. Let t be (-8967)/6 + o/2. Let m = -281 - t. Is m composite?
False
Is (2 - (-15)/(-7))/(116/(-193765124)) prime?
True
Suppose -2*l = -d - 2958370, 2*l + 3*d + 1093178 = 4051516. Is l a composite number?
True
Suppose 8*m - 3*z = 10*m - 6, 4*z = -8. Is 37652/(-6)*((-99)/m)/11 composite?
False
Let s be ((-9)/(-6))/(6/88). Let a(k) = -k**3 + 30*k**2 - 27*k - 13. Is a(s) a composite number?
True
Suppose p - 63818 = -5*f, 10 = 2*p + 4. Suppose f = -62*s + 63*s. Is s a composite number?
False
Let r = 2692 + 3962. Let y = 4241 + r. Is y prime?
False
Let p be 21873/759 + 2/11. Let t = 174 + p. Is t prime?
False
Let p = 18704 + 32223. Is p prime?
False
Let w be (14 + -15)/(-1*1). Suppose 4*a - 5 = 2*t + w, -5*a - 2*t = 15. Let p(m) = -290*m**3 - 1. Is p(a) a prime number?
False
Let a = -139453 - -209724. Is a composite?
False
Let c = 9952 + -5574. Suppose 4*g + b - 2831 = c, 0 = 3*g - b - 5398. Is g prime?
True
Let a(w) = 2406*w - 169. Is a(5) composite?
True
Let o = -689 + 696. Suppose -36911 = o*s - 14*s. Is s a prime number?
True
Let k be 99357/(-15) + 3/(-15). Let g = -3133 - k. Is g prime?
True
Is 4606 - (6 - (6/(-1) - -5) - 2) composite?
True
Suppose 0*j = 15*j + 37440. Let i = -1133 - j. Is i prime?
False
Suppose 5742*y = 5755*y - 39357409. Is y prime?
False
Let a(j) = 10*j - 32*j + 74*j - 12*j + 16*j**2 - 11 - 10*j**3. Is a(-5) prime?
True
Let z be (1430/(-15))/((12/(-819))/2). Suppose -4*s = 3*p + 30282, 5*s + z + 24853 = 3*p. Is (-6)/(-9) - (s/9)/4 prime?
True
Suppose 0 = 5*g - b + 20, -2*g - 3*b = 2*b + 8. Let m(v) = -v**2 - 7*v - 6. Let p be m(g). Suppose p*r = 12272 - 1082. Is r a composite number?
True
Suppose o + 361906 = -120*a + 123*a, -5*o = -4*a + 482556. Is a a prime number?
False
Let t(k) = -33884*k**3 - 4*k**2 - 4*k + 27. Is t(-2) composite?
True
Let o = 171 + -87. Let z(y) = -15*y + 43. Let l be z(7). Let k = o + l. Is k prime?
False
Let h(u) = -u**3 + 8*u**2 - 4*u + 9. Let m be h(7). Suppose 5*y - m = -5*s, -5*s - 12 = -s - 5*y. Suppose s*x + 0*x = 6. Is x prime?
True
Suppose -m - 30725 = 4*m + 5*t, m + 6141 = t. Let o = m - -9682. Suppose -f = -o + 48. Is f a prime number?
True
Let a be 9/24 + (-98698)/(-16) + 0. Suppose 6*o - l + 3081 = 8*o, -4*o + 5*l + a = 0. Is o a composite number?
True
Let q be 3/(2 - 3/(117/75)). Let g = q - 42. Let w(d) = -517*d - 10. Is w(g) a composite number?
True
Let n = 3307 - 5741. Let f = -789 - n. Suppose 2*t = -3*t + f. Is t a prime number?
False
Let z = -50 - -49. Let q(g) be the third derivative of -103*g**4 - g**3/6 + 4*g**2. Is q(z) a composite number?
True
Let s(z) = 15741*z**2 + 469*z + 2337. Is s(-5) a composite number?
False
Let m(x) = 631*x - 2 + 3 + 1 - 632*x. Let a be m(0). Is (1 - -1 - 4)*(-181)/a prime?
True
Suppose 5*p = -15, -5324 + 221 = -2*o + p. Suppose -5*z - 2*x + 5393 = 0, 4*z - 5*x - 1738 = o. Is z composite?
True
Suppose 0 = -69*a + 30*a + 29*a + 358070. Is a a prime number?
False
Suppose -12 = -6*p - 0. Suppose -2*a = p + 6. Is (a/(-4))/((-2)/(-74)) a composite number?
False
Is (10 - 12)*147377*(-5)/10 a composite number?
False
Let z = 114 + -109. Suppose -d = -2*s + 9427, 2*d - 3954 = -z*s + 19591. Is s prime?
False
Suppose -2*q = 92*h - 97*h + 13278241, 4*h + 5*q - 10622639 = 0. Is h composite?
True
Suppose 443778 + 168340 = 26*w. Is w a composite number?
True
Let b be (-7)/49*-7 + 3. Let g be 2/(-8) + (-5547)/(-12). Suppose u = 5*j - g, -b*j - 5*u - 450 = -9*j. Is j a composite number?
True
Let b(w) be the first derivative of w**4/4 + 34*w**3/3 - 17*w**2 + 83*w - 142. Is b(-30) a composite number?
False
Let w = 767 + -1301. Let c = -294 - w. Suppose 0 = 4*b - 92 - c. Is b prime?
True
Let y(v) = 159*v - 9. Suppose -l - 4*l - 4*x + 60 = 0, -5 = -x. Suppose o = a + 12, -o - l*a + 4*a = 8. Is y(o) a prime number?
False
Let x(d) = 2*d + 3. Let t be x(0). Suppose -11 + 2 = -t*v. Suppose -4*c + 119 = -0*g + g, v*c + 238 = 2*g. Is g prime?
False
Let k(o) = -3*o - 4. Let l be k(-8). Suppose -2*u + 0*u + 2 = -5*q, q = -3*u + l. Suppose 6*a = -u*a + 1608. Is a prime?
False
Suppose 50751 = -2056*w + 2065*w. Is w a prime number?
True
Suppose -28*i + 15*i + 19*i = 0. Let v(q) = q**3 - 3*q**2 - 5*q + 1037. Is v(i) a prime number?
False
Suppose -2*h - 151196 = -2*y, -3*y - h + 54965 = -171821. Let v = 10918 - y. Is v/(-18) - 2/9 composite?
False
Let y be 6/9 + (4/3)/4. Suppose -u = y - 3. Suppose 0 = 2*q - 7*q - z + 7689, 3*q - 4603 = u*z. Is q a prime number?
False
Suppose 3*k + k = 52. Let n = -9 + k. Suppose -l - 15 = n*l, -4*s + 1175 = -l. Is s a prime number?
True
Let r(v) = v**3 - 14*v**2 + 1. Let k be r(14). Is 3360 - (k - 3/12*0) a prime number?
True
Let q(m) = -m**3 + 15*m**2 - m - 10. Let x be q(10). Suppose 2*d - 62 = x. Is d composite?
False
Suppose 11*o - 262 = -53. Let j(q) = 3*q**2 - 22*q + 4. Is j(o) composite?
True
Let s be -20 - (0*(-5)/20)/2. Is (-2)/10 - (-2 - (-1144)/s) composite?
False
Let a = -17956 